= -u - 31, 5*u + 1 = -2*j + 8. Suppose -q = -4*q + j. Let p(s) = s**2 + 6*s + 5. Let n be p(-6). What is the greatest common divisor of q and n?
1
Let v(b) = b + 18. Let d be v(-15). What is the greatest common divisor of d and 8?
1
Let k = 19 - -13. Let q(u) = -8*u. Let x be (-2 - 0)/(3 + -1). Let o be q(x). Calculate the highest common factor of k and o.
8
Suppose -4*f + i - 177 = 2*i, f - 2*i = -51. Let w = 11 - f. Suppose -3*v + v + 38 = -3*q, -3*v + w = -4*q. Calculate the highest common divisor of v and 2.
2
Let f = -121 + 132. Calculate the highest common factor of 143 and f.
11
Suppose -2*h + 7*h = 2*q - 19, h - 13 = -q. Calculate the highest common divisor of q and 3.
3
Suppose -3 + 178 = 5*w - m, 0 = w + 5*m - 9. Calculate the highest common divisor of w and 17.
17
Let i be (-44)/3 - (-22)/33. Let s(n) = n**2 + 13*n + 16. Let k be s(i). Calculate the greatest common divisor of k and 20.
10
Suppose 43 = 3*k - 8. Let v(r) = 2*r**2 + 11*r + 7. Let j be v(-8). Suppose 0 = -3*l + j + 208. What is the highest common factor of k and l?
17
Let c = -755 + 440. Let i = -179 - c. What is the highest common divisor of i and 17?
17
Let l = 23 - -25. What is the greatest common factor of l and 72?
24
Suppose -5*d + 4*d = 0. Suppose 6 = -u - d. Let o = u + 19. What is the highest common divisor of 117 and o?
13
Let o be -2*(-4)/12 - 164/(-6). Calculate the highest common factor of o and 7.
7
Let d(w) = -w**3 + 12*w**2 - 15*w - 23. Let m be d(10). What is the highest common factor of 216 and m?
27
Let l(n) be the second derivative of -n**4/12 - 7*n**3/6 + 3*n**2 + 11*n. Let x be l(-6). Calculate the greatest common divisor of x and 108.
12
Suppose -5*b + 14 = 3*o - 6, 3*b + 4*o = 23. Let w be (-8)/1 + b + 1. Let q be 6/(-9) + (-64)/w. Calculate the greatest common divisor of 10 and q.
10
Suppose 108 = -6*b + 444. Suppose -y + 23 = 4*a, -6*a + 13 = -2*a + 3*y. What is the greatest common factor of a and b?
7
Suppose -8 = -3*n - n. Let i be -3 - 22*(-1)/n. Let r = 80 - 48. Calculate the highest common factor of i and r.
8
Let r(j) = 5*j**2 - 8*j + 12. Let z be r(6). What is the highest common divisor of 18 and z?
18
Let r be (21/(-14))/(3/(-4)). Suppose -r*q = -0*q - 12. What is the greatest common factor of 15 and q?
3
Let t = 32 + -3. Suppose -6*c + 14 - 2 = 0. Suppose 0 = -c*m + 23 + t. Calculate the greatest common factor of 13 and m.
13
Let z(w) = w**2 + w - 17. Let q be z(4). What is the highest common factor of 3 and q?
3
Let p(r) = 2*r**2 - 15*r + 62. Let d be p(8). What is the highest common divisor of 105 and d?
35
Let u be ((-4)/10)/(5/(-25)). Let t be (-2 - -3)*u - -16. Let h be ((-44)/(-3))/(4/t). What is the highest common factor of h and 6?
6
Suppose -427 = -5*f + 108. Let m = 182 - f. Calculate the greatest common factor of 15 and m.
15
Suppose -4*u = 5*u - 126. What is the highest common divisor of 7 and u?
7
Suppose -3*w + 11*u = 8*u - 216, -5*w + 366 = -2*u. Calculate the greatest common divisor of 111 and w.
37
Let l = 24 + -19. Suppose -l*j + 45 = -0*j. What is the greatest common divisor of j and 9?
9
Let j = -6 + 36. Calculate the highest common factor of j and 10.
10
Let d be 1/(-6) + 458/12. Let p = d + -23. What is the highest common divisor of 6 and p?
3
Suppose 2*q = -3*q + 20. Suppose 4*o + 0*n - 11 = 3*n, o + q*n = 17. What is the highest common divisor of o and 5?
5
Suppose -9 = -5*z + 2*z. Suppose 5*w = -j - 9, -2*j - z*w = -2*w. Let t be (5 - j)/(1/2). Calculate the highest common divisor of 4 and t.
4
Suppose -2*p = -6*s + s - 119, -4*p + 203 = -3*s. Let c = p - 30. Calculate the highest common divisor of 136 and c.
17
Suppose -4*n + 43 = -4*z - z, 2*n - 19 = 5*z. Calculate the highest common factor of 36 and n.
12
Let z(a) = a**3 - 8*a**2 + 7*a + 10. Let f be z(7). Suppose k - 26 = f. What is the highest common factor of 12 and k?
12
Let x = 30 - 26. Suppose 3*w = -x*u + 18, 0*w = -3*w - 5*u + 15. What is the highest common factor of 10 and w?
10
Let y be (-5)/(-30)*6 + 28 + 0. Calculate the highest common divisor of y and 319.
29
Let t be 265/(-3) + 3/9. Let r = -32 - t. What is the highest common divisor of r and 7?
7
Let l be (4/(-12))/((-1)/54). Suppose 11 = d - l. What is the highest common factor of 29 and d?
29
Let l be 6/(-27) + 148/18. Let m = 22 - 14. Calculate the highest common factor of m and l.
8
Let z be 2 - 2 - (1 + 98). Let y(n) = n**3 - n**2 + 2*n + 8. Let f be y(-3). Let d = f - z. What is the greatest common divisor of 26 and d?
13
Suppose 0 = 3*l + 3*a - 1005, 2*l - 5*a = -0*a + 656. What is the greatest common factor of l and 37?
37
Suppose 0 = 4*w - 2*w + 5*z - 29, -5*z + 15 = 0. Let h(g) = -12*g - 1. Let x be h(-3). Calculate the greatest common divisor of w and x.
7
Let r(k) = -k**3 + 11*k**2 - 10*k + 23. Let f be r(10). Calculate the greatest common factor of 253 and f.
23
Let n(a) = 6*a**3 - 2*a**2 + 3*a. Let f be n(2). Let h = 69 - f. Calculate the greatest common divisor of 23 and h.
23
Suppose -m + 5 = 3. What is the greatest common divisor of m and 2?
2
Let w(t) = -21*t + 3. Let a be w(5). Let q = 208 + a. Let c be 3/(q/(-56) - -2). What is the greatest common divisor of c and 42?
14
Let f = -233 + 373. Calculate the greatest common divisor of 20 and f.
20
Let t be (-5 - -2) + 4 + 36. Let d be (-2)/5*(0 + -5). Let p be (-4)/8 + t/d. What is the highest common divisor of p and 18?
18
Suppose 6*x + 475 = 25*x. Calculate the highest common divisor of x and 175.
25
Let d be (6 + -132)/(6/(-4)). Suppose v - 47 = 4*a - 7*a, 4*v = 4*a - d. What is the greatest common divisor of a and 17?
17
Suppose 2*a - a = -6. Let o = 14 + a. Calculate the highest common factor of 64 and o.
8
Let x(i) = -i**3 - 4*i**2 + 6*i + 6. Suppose -8*u = -3*u + 20. Let f be x(u). Let b be 3*(f/(-3) - 3). What is the highest common factor of 63 and b?
9
Let p(i) = -i**3 + i**2 - i - 1. Let d be p(-1). Let m(x) = 0 + 1 + 2 - 8*x + x**d + 3. Let l be m(9). Calculate the greatest common factor of 6 and l.
3
Let x be 18 - (-5)/(5/(-1)). What is the greatest common factor of 187 and x?
17
Suppose 2*f - 1 - 7 = 0. Suppose 3*j - f*o + 6 = -2, -2*o + 4 = 5*j. Let r = j - -3. Calculate the highest common divisor of 24 and r.
3
Suppose 8 = k + 5*q, q = -2*k - 3*q + 22. Calculate the highest common divisor of 52 and k.
13
Let y(q) = q**2 + 3*q + 5. Let h be y(4). Calculate the greatest common factor of 3 and h.
3
Let d = 8 - 13. Let u be (-101)/d + 4/(-20). What is the highest common factor of 4 and u?
4
Suppose 5*p - 134 = -3*a - 24, 0 = 2*a - 4*p - 88. Calculate the greatest common factor of 20 and a.
20
Let j = 41 + -11. Suppose -22*p + 24*p = 24. Calculate the highest common factor of p and j.
6
Let b = 10 + -7. Let g be 3 + 8 - 3/b. What is the highest common factor of 70 and g?
10
Let q(u) = u**3 - 3*u**2 + u - 1. Let x be q(5). Calculate the greatest common divisor of 72 and x.
18
Let q(n) = -n + 3. Let o be q(0). Suppose 2*g - 22 = j, o*g - 38 = -j - 0*j. What is the highest common factor of 48 and g?
12
Let q(s) = 3*s**2 + 15*s + 2. Let c be q(-6). Calculate the highest common divisor of 5 and c.
5
Let a(w) = -w**2 + 10*w + 4. Let v be a(10). Suppose -o = -v, -5*b = -5*o + o - 159. What is the highest common divisor of b and 14?
7
Let k be (-30)/(-8) + 1/4. Suppose -5*l + 135 = -85. Calculate the highest common factor of k and l.
4
Suppose 4*f + 1 = 3*f, h + f = 37. Calculate the highest common divisor of h and 95.
19
Let o be (-16)/(-6) - 2/3. Suppose 2*v + o*u = 44, 5*u + 30 = 2*v - 14. Let m be (825/6)/5*2. Calculate the highest common divisor of m and v.
11
Let o be (2 - -1)/(5/105). Let q = 14 + o. Calculate the highest common divisor of q and 7.
7
Let g = -5 + 8. Suppose 0 = -g*x - 2*c - c + 177, -c + 283 = 5*x. Let r be 108/14 + (-4)/(-14). What is the highest common factor of r and x?
8
Suppose k - 3 = -0*k. Suppose -k*x + 14 = -1. What is the highest common divisor of 20 and x?
5
Suppose -2*t + 5*t - 15 = 0. Calculate the highest common divisor of t and 35.
5
Let w = -5 - -8. Let p = 10 - w. Calculate the greatest common divisor of p and 28.
7
Let y be (-459)/(-3) - (3 + -2). Calculate the highest common divisor of 19 and y.
19
Let g be (-42)/(-1) - (-4)/(-8)*8. What is the highest common divisor of g and 15